Let t(l) = l**3 + 4*l**2 - l - 25. What is t(8)?
735
Let i(h) = 68*h**3 + 4*h**2 - 8*h + 4. Give i(1).
68
Let y(b) = b**2 - 51*b + 296. Determine y(44).
-12
Let q(j) = -56*j + 15. Give q(-2).
127
Let a(i) = -i**3 - 31*i**2 - 83*i + 27. Calculate a(-28).
-1
Let c(p) = -4*p**3 + 174*p**2 + 94*p - 153. What is c(44)?
111
Let u(l) = -1885*l - 1876. Determine u(-1).
9
Let g(q) = -7156*q + 28621. Calculate g(4).
-3
Let v(h) = h**2 + 23*h + 97. What is v(-5)?
7
Let c(o) = 2*o**3 - 22*o**2 + 26*o - 20. Determine c(9).
-110
Let b(i) = -24*i - 711. Calculate b(-24).
-135
Let w(q) = -13*q - 417. What is w(-31)?
-14
Let h(j) = -40*j + 675. What is h(16)?
35
Let q(p) = 22*p**2 - 8*p - 26. Calculate q(-5).
564
Let u(v) = 334*v - 2660. What is u(8)?
12
Let o(l) = 95*l**2 + 4*l + 19. What is o(-3)?
862
Let a(h) = 8*h**2 - 173*h - 1720. Calculate a(29).
-9
Let p(m) = 41*m + 672. Calculate p(-17).
-25
Let q(i) = -8*i**2 + 49*i + 55. What is q(-1)?
-2
Let z(i) = i**3 - 12*i**2 - 17*i + 306. What is z(11)?
-2
Let j(z) = -z**2 - 36*z - 210. Give j(-8).
14
Let p(g) = -16*g - 639. Calculate p(-6).
-543
Let y(v) = 2*v**2 - 218*v + 2076. Give y(99).
96
Let c(l) = l**3 + 49*l**2 + 8*l + 391. Calculate c(-49).
-1
Let x(q) = q**3 - 40*q**2 + 37*q - 59. Determine x(39).
-137
Let f(j) = j**3 + 24*j**2 - 22*j + 107. What is f(-25)?
32
Let z(y) = -98*y - 68. What is z(-1)?
30
Let j(r) = 25*r**2 + 668*r + 462. What is j(-26)?
-6
Let g(b) = -24*b + 66. Calculate g(10).
-174
Let f(m) = m**3 - 13*m**2 + 15*m + 18. Determine f(12).
54
Let f(t) = t**3 + 5*t**2 + 315*t + 2307. Give f(-7).
4
Let y(s) = 6*s**2 - 253*s - 180. Give y(43).
35
Let a(i) = 3*i**2 + 15*i - 4. Determine a(-8).
68
Let y(j) = 2*j**2 - 1004*j - 6007. Give y(-6).
89
Let y(f) = -12*f**2 - 65*f - 13. Give y(-5).
12
Let k(n) = -54*n**2 + 28*n + 3. Give k(-3).
-567
Let g(v) = -v**2 + 51*v - 535. Calculate g(36).
5
Let p(u) = -3*u**3 + 965*u**2 + 1287*u + 1623. Give p(323).
8
Let p(s) = -2*s**3 - 54*s**2 - 35*s + 130. Calculate p(-26).
-312
Let l(j) = -100*j + 689. Calculate l(8).
-111
Let o(s) = 2*s**3 - 43*s**2 + 49*s - 23. Calculate o(20).
-243
Let b(g) = 9575*g + 76602. Give b(-8).
2
Let a(p) = 2*p**3 + 9*p**2 - 36*p + 14. Calculate a(2).
-6
Let j(g) = 219*g - 53220. Determine j(243).
-3
Let i(k) = 471*k + 2839. Calculate i(-6).
13
Let q(u) = -u**2 + 88*u - 1028. Determine q(14).
8
Let b(o) = -o**2 + 5*o + 31. Determine b(-6).
-35
Let d(i) = -i**3 + 29*i**2 + 13*i + 75. What is d(29)?
452
Let t(z) = -3522*z - 183147. Determine t(-52).
-3
Let g(w) = -127*w + 12508. Give g(98).
62
Let l(s) = 2*s**3 - 3*s**2 - 5*s - 21. Give l(5).
129
Let s(d) = 62*d**2 + 27*d - 65. Determine s(2).
237
Let t(v) = -3*v**3 + 30*v**2 + 6. Calculate t(8).
390
Let j(o) = -6*o**2 + 25*o - 229. What is j(9)?
-490
Let x(a) = 2*a**3 + a**2 - 7*a + 1. What is x(-4)?
-83
Let a(l) = 2*l**3 - 49*l**2 + 73*l - 87. Calculate a(23).
5
Let i(m) = 427*m + 42. Give i(-1).
-385
Let u(i) = -i**3 + 37*i**2 + 33*i - 1229. What is u(37)?
-8
Let k(m) = -9963*m + 19920. Give k(2).
-6
Let h(a) = 2*a**3 + 21*a**2 - 505*a - 29. What is h(-22)?
-51
Let k(c) = 21*c**2 - 97*c + 37. Calculate k(5).
77
Let j(s) = 531*s - 4. What is j(0)?
-4
Let t(v) = -v**3 - 7*v**2 - 95*v - 354. Determine t(-6).
180
Let i(h) = -191*h - 2176. What is i(-11)?
-75
Let o(p) = -46*p**3 + 9*p**2 - 18*p + 3. Determine o(2).
-365
Let z(m) = 70*m**2 - 1610*m - 35. Calculate z(23).
-35
Let f(x) = 2*x**2 + 157*x + 2455. Determine f(-25).
-220
Let c(u) = -39198*u. Give c(0).
0
Let f(c) = -3*c**2 - 245*c + 1296. Calculate f(5).
-4
Let s(n) = 50*n + 481. What is s(-6)?
181
Let h(t) = -77*t + 108. Determine h(7).
-431
Let g(n) = 18*n + 27. Give g(-6).
-81
Let u(c) = c**3 - 33*c**2 - 197*c + 29. Calculate u(38).
-237
Let f(b) = b**2 - 76*b - 776. Calculate f(-9).
-11
Let l(s) = -594*s - 4129. What is l(-7)?
29
Let y(x) = x**3 + 4*x**2 + 139*x + 906. What is y(-6)?
0
Let j(k) = 22*k - 437. Calculate j(24).
91
Let j(m) = 3*m**2 - 66*m + 251. Determine j(14).
-85
Let z(v) = 3*v**3 - 35*v**2 + 22*v + 14. What is z(11)?
14
Let c(i) = -i**3 + 4*i**2 + 139*i - 555. Calculate c(4).
1
Let k(f) = -165*f + 3797. Calculate k(23).
2
Let w(d) = -2*d**2 + 4*d + 21. Calculate w(8).
-75
Let t(m) = -45*m + 182. Give t(6).
-88
Let h(z) = -z**3 + 18*z**2 + 49*z - 77. Give h(20).
103
Let j(w) = -460*w - 33116. Give j(-72).
4
Let k(i) = 68*i**3 + 630*i**2 + 168*i + 49. Calculate k(-9).
-5
Let p(r) = 757*r + 2317. Give p(-3).
46
Let i(k) = -3*k**2 - 782*k - 11743. What is i(-16)?
1
Let u(m) = -m**3 - 2*m - 75. Calculate u(-4).
-3
Let b(m) = m**2 - 87*m + 471. Give b(6).
-15
Let m(w) = w**3 + 120*w**2 + 114*w - 602. What is m(-119)?
-7
Let s(z) = -z**3 - 4*z**2 - 15*z + 363. Give s(0).
363
Let y(q) = q**3 - 14*q**2 - 17*q + 12. Give y(15).
-18
Let m(i) = 2098*i - 14684. What is m(7)?
2
Let l(b) = -b**3 - 66*b**2 + 6*b + 197. Determine l(-66).
-199
Let t(x) = x**2 + 3*x - 38. Determine t(-8).
2
Let t(c) = 1411*c + 12700. Determine t(-9).
1
Let s(g) = -g**3 - 344*g**2 + 2792*g - 8449. Give s(-352).
-1
Let u(b) = -4*b**3 - 32*b**2 - 4*b - 29. Determine u(-8).
3
Let t(l) = -2*l**3 - 27*l**2 - 71*l - 23. Calculate t(-11).
153
Let g(s) = 226*s**2 + 1135*s - 3. What is g(-5)?
-28
Let s(j) = 2*j**3 - 8*j**2 - 10*j - 9. What is s(-3)?
-105
Let r(w) = -180*w**3 + 2*w**2 + 3*w + 2. Give r(-1).
181
Let o(r) = -12*r - 945. Calculate o(-56).
-273
Let s(p) = -2*p**2 + 102*p + 4022. Calculate s(77).
18
Let p(x) = 10*x**2 - 753*x + 1686. Determine p(73).
7
Let f(z) = -z**2 + 101*z - 2504. Give f(46).
26
Let t(k) = -k**2 - 3*k - 4. Determine t(20).
-464
Let q(y) = -y**3 - 75*y**2 + 72*y - 319. Determine q(-76).
-15
Let y(h) = -h**3 + 15*h**2 - 30*h + 6. Determine y(12).
78
Let w(s) = -s**3 - 48*s**2 + 51*s + 122. Calculate w(-49).
24
Let k(l) = 32*l**2 - 113*l - 20. Determine k(4).
40
Let y(r) = -83*r + 344. Give y(7).
-237
Let g(t) = t**3 + 19*t**2 - 29*t - 20. What is g(-21)?
-293
Let p(t) = -t**3 + 126*t**2 + 1070*t - 22. Calculate p(-8).
-6
Let q(v) = 136*v - 30193. Determine q(222).
-1
Let d(n) = -102*n - 2319. Determine d(-24).
129
Let i(v) = -2*v**3 + 9*v**2 + 29*v + 821. What is i(10)?
11
Let w(f) = f**3 + 15*f**2 - 50*f - 546. Give w(-9).
390
Let u(c) = c**3 - 16*c**2 + 24*c - 58. What is u(15)?
77
Let y(b) = 7*b**2 - 103*b - 40. Calculate y(15).
-10
Let f(w) = -6838*w + 13674. What is f(2)?
-2
Let b(z) = 34*z + 191. Give b(11).
565
Let s(l) = -2*l**3 + 17*l**2 + 38*l - 41. What is s(10)?
39
Let b(f) = f**3 + f**2 + 51*f - 399. Calculate b(5).
6
Let f(s) = 49*s**2 - 4369*s + 731. Calculate f(89).
19
Let d(u) = -68*u + 713. Calculate d(6).
305
Let c(q) = -q**2 + 17*q - 38. Calculate c(10).
32
Let c(p) = p**3 + 106*p**2 - 2128*p - 4549. Determine c(-123).
2
Let u(k) = -35*k**2 + 22*k - 21. Calculate u(1).
-34
Let m(t) = 117*t - 6444. Give m(55).
-9
Let x(l) = 3*l + 141. What is x(38)?
255
Let y(g) = 4*g**2 + 148*g - 805. Calculate y(-41).
-149
Let u(n) = n**2 + 91*n - 3727. Give u(30).
-97
Let d(p) = -5*p**2 + 29*p + 56. Determine d(-2).
-22
Let o(n) = n**3 - n**2 + 6*n + 5. Calculate o(-3).
-49
Let s(c) = c**3 + 19*c**2 - 60*c + 28. Give s(-22).
-104
Let h(n) = 39*n - 220. Calculate h(7).
53
Let l(d) = -2542*d + 15258. What is l(6)?
6
Let x(y) = -107*y - 5007. Calculate x(-46).
-85
Let h(q) = 1490*q + 2994. Determine h(-2).
14
Let h(d) = 6*d - 486. What is h(82)?
6
Let t(j) = -j**3 - 10*j**2 + 48*j + 1. Determine t(8).
-767
Let x(s) = s**2 - 25*s + 51. Determine x(22).
-15
Let p(h) = 32*h + 875. Give p(-47).
-629
Let a(y) = 99*y + 7227. What is a(-73)?
0
Let g(r) = 51*r + 10605. What is g(-208)?
-3
Let a(h) = 3*h**3 + 13*h**2 - 43*h - 107. Determine a(-6).
-29
Let l(y) = y**3 + 73*y**2 + 175*y + 2330. Calculate l(-71).
-13
Let r(a) = -113*a + 4379. What is r(39)?
-28
Let w(p) = 2*p**2 + 190*p + 4324. Give w(-38).
-8
Let l(p) = -p**3 - 7*p**2 + 234*p + 94. Give l(-19).
-20
Let r(u) = u**3 + 23*u**2 + 3*u + 27. Calculate r(-22).
445
Let r(n) = 2*n**2 + 1332*n - 19046. Calculate r(14).
-6
Let p(t) = 113*t - 3684. Calculate p(33).
45
Let l(i) = 3*i**2 + 168*i + 313. What is l(-54)?
-11
Let p(i) = 19*i**2 + 104*i - 4. What is p(-5)?
-49
Let s(n) = 1452*n**2 - 5812*n + 11. Determine s(4).
-5
Let g(l) = 99*l**2 - 48. Determine g(3).